se -a + 6*a - 430 = 2*m, 2*m - 98 = -a. Suppose 3*r = 3*b - 10 - 5, -2*r = 6. Suppose 5*h - p - 232 = 0, h + h - b*p = a. What is the units digit of h?
7
Suppose -t = -12*t - 6534. Let l = t - -879. What is the units digit of l?
5
Let a = -701 + 449. Let d = a - -596. What is the units digit of d?
4
Let d = 27094 + 5002. What is the ten thousands digit of d?
3
Suppose -60*g = -34*g - 52. Suppose -g*c - 3*c + 5665 = 5*z, 3*c + 2266 = 2*z. What is the thousands digit of z?
1
Let w = -46208 - -81679. What is the units digit of w?
1
Let l be 5/(5/(-1))*1. What is the tens digit of ((-86)/(-1) + l)/(74/74)?
8
Suppose -3*a - 6 = -5*b - 0, 0 = -3*a + 9. Let h be 7 + -7 - (b - 6). Suppose s = -r + 88, -s + 66 = -h*r - 18. What is the tens digit of s?
8
Let b be -2*(-3)/(18/267). Suppose -b*x = -90*x + 1071. What is the tens digit of x?
7
Suppose 20 = 5*f + x, -2*f - 2 = 2*x - 18. Let o be (-1 + 3)*(-15)/(-10). Suppose -2*k + 105 = 3*s, f*k + o*s - s = 170. What is the units digit of k?
0
Let q be (3 - 120/(-6))/((-5)/(-5)). Suppose -z = t - 1805, -27*z = -q*z - 4*t - 7260. What is the hundreds digit of z?
8
Let p = -3895 - -8761. What is the units digit of p?
6
Let q(b) = -211*b**3 - 2*b - 3. Suppose -2*c - 7*i = -3*i + 18, 4*c - 4*i = 12. What is the hundreds digit of q(c)?
2
Let r(z) = 20*z + 321. Let o be r(-16). Suppose -p = -26 - o. What is the tens digit of p?
2
Let f = 33 + -30. Let k(r) = -4 - 3*r - f*r - 4*r + 5*r. What is the units digit of k(-7)?
1
Let b be 0 - (6 - 1)*-707. Suppose 8*g - b = 7385. What is the units digit of g?
5
Suppose 227 = -h - 4*g + 1251, 4*h - 4045 = g. What is the tens digit of h?
1
What is the units digit of (1 - -9267) + (-131 - -138)?
5
What is the hundreds digit of (-128 - -2)*(-100)/5?
5
Let y = 142916 - 84701. What is the tens digit of y?
1
Let k(d) = 2*d**2 - 6*d - 8. Let o(j) = -9 + 2*j + 7*j + j**2 - 16*j. Let q(y) = 6*k(y) - 5*o(y). What is the tens digit of q(3)?
5
Let i = 11870 - 5706. What is the units digit of i?
4
Let b(j) = 51*j + 272. Let c be b(6). Suppose 4*v - 3362 = c. What is the units digit of v?
5
What is the tens digit of (-420)/(-147)*((-9004)/(-8) - 2)?
1
Let b(a) = 14030*a - 717. What is the ten thousands digit of b(3)?
4
Let d = -22107 + 40944. What is the ten thousands digit of d?
1
Suppose 0 = 106*f - 104879 - 957559. What is the units digit of f?
3
Let j(x) = 96*x - 13. Let b(d) = -d**3 - 3*d**2 - 2*d - 3. Let v be b(-3). Let a be j(v). What is the tens digit of 876/22 - (-50)/a?
4
Suppose h + 2*b - 133 = -20, 0 = -h - 5*b + 116. Let n = 127 - h. Suppose n*d = 5*d + 209. What is the units digit of d?
9
Let w = -803 + 3845. What is the hundreds digit of w?
0
Let a be (-13)/((-26)/318) + -1 + 0. Let n = -93 + a. What is the tens digit of n?
6
Let d(j) = -63*j - 44. Suppose 21 = -5*m - 3*l, 9 = -2*m - 33*l + 32*l. What is the tens digit of d(m)?
3
Let a(v) = -6*v - 29. Suppose -4*d - 589 = -109. Let l be 4/(-14) + 9/(189/d). What is the units digit of a(l)?
7
Let b be 24*1/(1/650). Suppose 9*i = 29*i - b. What is the units digit of i?
0
Let z(l) = 11*l**2 + 18*l - 40. Let d = -195 - -203. What is the tens digit of z(d)?
0
Let a be (60/9)/(-5)*(-21 + 18). Suppose 4*t + 2*k = 3196, -3196 = -4*t - 7*k + a*k. What is the tens digit of t?
9
Let a be ((-2)/(-10))/((-1)/(-5)). Let p(o) = 790*o**3 - 2*o**2 + 7*o - 4. What is the tens digit of p(a)?
9
Suppose -5*c - 12 = -492. Let w = 128 + c. What is the tens digit of w?
2
Suppose 25072 = 9*f - 119000. Suppose -17*j = 7*j - f. What is the tens digit of j?
6
Let z(b) = -b**3 + 13*b**2 - 26*b - 7. Let f(l) = -4*l - 86. Let p be f(-23). What is the tens digit of z(p)?
8
Let b(p) = 2*p**3 + 18*p**2 + p + 19326. What is the hundreds digit of b(0)?
3
Suppose -66*j + 90399 + 1181685 = 0. What is the units digit of j?
4
Suppose 3*x = -4*j - 249, -4*x + j = -5*x - 83. Let k = -53 - x. Suppose -k*h = -25*h - 600. What is the units digit of h?
0
Let k be ((-3)/(-2))/(2 - (-22796)/(-11392)). Let m = -455 - k. What is the tens digit of m?
6
What is the thousands digit of -485*(22/(-10) - 19)?
0
Suppose 15*c - 184 = -19. Let y(d) = 4*d**2 + 3*d + 6. What is the units digit of y(c)?
3
Let n(q) = -2*q**3 - 24*q**2 + 31*q + 333. What is the tens digit of n(-17)?
9
What is the thousands digit of -1 - -11 - (-6229 + -28)?
6
Suppose -4*m + 11043 + 37360 = -a, -5*m + 60530 = 4*a. What is the ten thousands digit of m?
1
Suppose -8*l + 22529 + 335 = 0. What is the tens digit of l?
5
Suppose 10*u + 5*s = 56995, -11394 = -2*u - 19*s + 17*s. What is the thousands digit of u?
5
Suppose 9959*a - 10013*a = -1786104. What is the ten thousands digit of a?
3
Suppose -40*i = -41*i + 1. Let t be 0/(-1)*2/(-4)*i. Suppose 3*y = 5*f - 816, t = -5*f + f - y + 663. What is the units digit of f?
5
What is the units digit of (-38)/266 - (-17622)/21?
9
Suppose -71*z + 86037 + 242289 = -42294. What is the units digit of z?
0
Suppose -294 = -7*t + 763. Suppose -157*i + 9396 = -t*i. What is the thousands digit of i?
1
Let o(f) be the third derivative of 187*f**5/60 - 7*f**3/6 - 57*f**2. What is the hundreds digit of o(2)?
7
Let l(r) = -1959*r + 503. What is the ten thousands digit of l(-15)?
2
Let l be 35/(-14)*18/(-15). Suppose 0 = 3*m + l*w + 27, 0*w - 3*w = -5*m - 21. Let f = 32 + m. What is the units digit of f?
6
Let q(l) = -142*l**3 - 2*l**2 - 6*l + 8. Let k be q(-4). Suppose -29*f - 765 = -k. What is the hundreds digit of f?
2
Suppose 0 = p + 2*t - 1, -4*t - 1 = -4*p + 3. Let b be p/(0 + -1) - (-16 - -10). Suppose b*w = 16 + 29. What is the units digit of w?
9
Let n(t) = t**3 - 16*t**2 + 8*t + 69. Let f be n(-11). Let o = -2268 - f. What is the hundreds digit of o?
0
Let o = 37653 + -24365. What is the ten thousands digit of o?
1
Let k = 2839 - -31913. What is the thousands digit of k?
4
Let h(z) be the first derivative of z**3/3 - 6*z**2 - 21*z + 21. Let v be h(-7). Let w = v - -17. What is the hundreds digit of w?
1
Let s(b) = 616*b - 505. What is the units digit of s(11)?
1
Suppose 93540 = 18*j - 67488. What is the hundreds digit of j?
9
Suppose 3*t + 11 - 17 = 0. Let o(q) = 0*q**2 + q**3 + q**2 + q - 5 - t*q. What is the tens digit of o(3)?
2
Let v(z) = 49*z + 87. Let c be v(24). Suppose 11*j + 3*t = 15*j - c, 297 = j + 3*t. What is the tens digit of j?
1
What is the units digit of 171600/77*(6 + (-45)/(-10))?
0
Let t(y) = -44 + 0*y**2 + 0*y**2 - 15*y + 11*y**2 + 12*y**2. What is the tens digit of t(-4)?
8
Suppose -15*j + 5964 = -9*j. What is the hundreds digit of (-5 - -10) + -1 - j/(-2)?
5
Let r = -275 - -289. Let n(l) = -l**3 - 7*l**2 + 4*l - 11. Let k be n(-8). What is the units digit of r/k + (-390)/(-9)?
4
Let r be (-33)/(-11) - (-12)/(-2). What is the units digit of (-6)/15 - (r - (-2357)/(-5))?
4
Let p = 648 - -2376. Suppose 0 = 5*o + 11*o - p. Let u = -91 + o. What is the tens digit of u?
9
Suppose -12543 - 468430 = -76*h + 204623. What is the thousands digit of h?
9
Suppose 155*j + 2263649 = 9192769. What is the ten thousands digit of j?
4
Suppose 12*i - 16*i = -56. Let p(s) = -32 + 16*s + i*s - 34*s. What is the units digit of p(-19)?
4
Suppose u - 52 + 31 = 0. Suppose -u*i + 200 = -11*i. What is the units digit of i?
0
Suppose 46*j - 193564 - 1292 = 0. What is the units digit of j?
6
Let n(d) be the second derivative of d**5/20 - 2*d**4/3 - 3*d**3/2 + d**2/2 - 16*d. Let f be n(9). What is the units digit of (7 + 12)/(2*f/4)?
8
Suppose 0 = 4*j - 52 + 252. What is the hundreds digit of 2/(-10) + (-17410)/j?
3
Let t(w) be the first derivative of 3*w**4/2 - 5*w**3/3 - 3*w - 3. Let n be (-69)/(-24) + 30/240. What is the hundreds digit of t(n)?
1
Suppose -606 = 46*g - 54. Let p be (-135)/(-2)*(-8)/(-10). What is the hundreds digit of g/p + (-2)/(36/(-2362))?
1
Let y = -163 + 6. Let r(b) = -b**2 - 42*b - 165. Let q be r(-22). Let t = y + q. What is the hundreds digit of t?
1
Suppose -23 = 4*d - 7, -2*m + 4*d = -3920. Suppose 2*p - 8*v + 4*v = m, 4*p = 2*v + 3904. What is the units digit of p?
6
Let z = -62306 - -107711. What is the ten thousands digit of z?
4
Let w = -12 - -15. What is the units digit of (-726 - -16)*(4 + -2 - w)?
0
Let j = -163 + 417. Let b be 1224/27*-3 - (1 + 2). Let t = j + b. What is the hundreds digit of t?
1
Let w = 239 + -213. Suppose -8*l + w*l